emainder when j is divided by c?
11
Suppose 5*i = -3*y + 40, 2*y + 3*i + 0*i - 25 = 0. What is the remainder when 37 is divided by y?
2
Suppose -r = -3*b + 74 - 77, 2*b + 54 = 5*r. What is the remainder when r is divided by 9?
3
Let p = -2 - -6. Suppose 5*l + p = 49. Calculate the remainder when l is divided by (1 + -2)*(-91 - -85).
3
Let q = -47 + 51. Suppose -2*k = 2*t - 18, t = 6 - q. Calculate the remainder when k is divided by 2.
1
What is the remainder when 316/(-5 + 68/12) is divided by 53?
50
What is the remainder when 226 is divided by (-1771)/22*4/(-7)?
42
Suppose 5*s = 3*b - 157, 27*b + 2*s + 53 = 28*b. Calculate the remainder when 94 is divided by b.
45
Let g = 966 - 728. What is the remainder when g is divided by 65?
43
Suppose -9*m + 9*m = -7*m. Suppose m = 9*t - 33 - 129. What is the remainder when 84 is divided by t?
12
Let q(r) = 2*r**2 - 8*r. Let y be q(4). Suppose y = 4*c + 41 - 53. Suppose -7 = -s + 5*k, -3*s - 5*k + 5 = 2*s. What is the remainder when c is divided by s?
1
Let m(j) = j**2 - 2*j + 4. Let y(h) = h**3 - 12*h**2 - 12*h + 6. What is the remainder when y(13) is divided by m(3)?
5
Let d = 160 + -38. What is the remainder when d is divided by 41?
40
What is the remainder when 272 is divided by (-432)/(-15) - (-32)/(-40)?
20
Let v(k) = 10*k**3 - 4*k**2 + 6*k - 1. What is the remainder when v(3) is divided by 42?
41
Suppose 0 = -4*p + 2*w + 28, -2*w - 10 = -2*p - 0*p. Calculate the remainder when 278/8 + (-4)/(-16) is divided by p.
8
Let t(b) = b**2 - 179*b + 2178. Let p be -1 + -2 + 10/1. Suppose r - 4*s - p = 0, -2*s = -2*r + s + 14. What is the remainder when t(13) is divided by r?
6
Let a be 17 - (-4 - 3/(-3)). What is the remainder when a/((-4 - -5)*1) is divided by 11?
9
Let y(u) = 2*u**2 + 68*u - 66. Let i be y(-35). Suppose -i*d - 182 - 190 = -4*t, -t - d + 97 = 0. What is the remainder when t is divided by 12?
11
Suppose -55*v + 51*v = -12. Suppose 5*j - j + v*m = 322, -156 = -2*j - 4*m. Calculate the remainder when j is divided by 28.
26
Suppose 3 = 6*t - 15. Suppose t*a + 0*a = 57. Calculate the remainder when 51 is divided by a.
13
Suppose -2*n + 0*n = -78. Suppose 14 + 26 = 8*u. Suppose -2*p - 3*p - l = -37, -46 = -u*p + 2*l. What is the remainder when n is divided by p?
7
Suppose 0 = r + 4, 2*s + 68 = -5*r + 24. Suppose 67 - 7 = -4*w. Let k = s - w. Calculate the remainder when 11 is divided by k.
2
Let o(g) = -35*g + 6 + 22 + 7. Calculate the remainder when o(-5) is divided by 53.
51
Let k(r) = r**2 + 10*r + 18. Let l be k(-8). Let z = 127 + -91. Calculate the remainder when 1046/10 - (0 - l/5) is divided by z.
33
Let w(x) = -x - 3. Let u(p) = 3*p**2 + 5*p - 48. What is the remainder when u(-5) is divided by w(-4)?
0
Let x = -170 + 235. Calculate the remainder when x is divided by 23.
19
Let q(w) = -25 + w**2 - 78*w + 66*w - 2*w**2. Calculate the remainder when 6 is divided by q(-9).
0
Suppose 4*q + 2*m - 38 = 0, 2*m = -4*q - m + 33. Calculate the remainder when -45*((-5)/20 + 15/(-36)) is divided by q.
6
Let k = 1268 - 1256. What is the remainder when k is divided by 6?
0
Suppose 0 = 6*s + 21 + 189. Let b = s - -54. Calculate the remainder when 55 is divided by b.
17
Let z(d) = -d**3 - 2*d**2 + 4*d - 6. Suppose -12 = 16*a - 13*a. What is the remainder when z(a) is divided by 4?
2
Let x(d) = d**2 - 8*d + 18. Let m be x(4). Suppose -m*a - 117 = -149. Calculate the remainder when 77 is divided by a.
13
Calculate the remainder when (6/(-6))/(10/(-3600)) is divided by 26.
22
Let t(p) = -p**2 - 13*p - 17. Let o = -17 - -8. Calculate the remainder when 32 is divided by t(o).
13
Let h(p) = 3*p - 3. Let b = 154 - 131. Calculate the remainder when b is divided by h(4).
5
Suppose -8*q + 270 = -3*q. Let d be 121/7 - 16/56. Suppose 0 = -3*u + 3, -i + d = -0*i + 3*u. What is the remainder when q is divided by i?
12
Suppose -4*h + 0*j + 52 = -j, 5*h + 4*j - 86 = 0. Let b = -10 + h. Suppose o = -b*o + 265. Calculate the remainder when o is divided by 18.
17
Let s(q) = 2*q**3 - 3*q**2 + q + 2. Suppose -9 = -3*m - 0. What is the remainder when 158 is divided by s(m)?
30
Calculate the remainder when 978*1 - -7*12/21 is divided by 8.
6
Let r be (2 - 9) + 3 + -1. Let l be 141/15 - 3/r. Let s = l + -6. What is the remainder when 6 is divided by s?
2
Let x(b) = -b**3 - 20*b**2 + 2*b + 40. Let p be x(-20). Suppose p = 2*n + 61 - 363. Calculate the remainder when n is divided by 17.
15
Let h(k) = k - 8. Let j be h(7). Let l = j - -4. What is the remainder when 39 is divided by 15/l*-2*-1?
9
Let d(f) = -f**3 + 17*f**2 + 18*f + 4. Let i be d(18). Suppose -3*g - 11 = -i*g. Calculate the remainder when 30 is divided by g.
8
Let t = -11505 - -11531. Let w(q) = 12*q - 2. What is the remainder when w(6) is divided by t?
18
Suppose -28 = -c + q + 7, 0 = 4*c - q - 131. Calculate the remainder when c is divided by 20.
12
Let i(p) = -p**3 + 45*p**2 - 124*p - 76. What is the remainder when (-1 - -1) + 1 + 13 is divided by i(42)?
6
Let f = 75 - 23. Calculate the remainder when 259 is divided by f.
51
Let v(y) = -3*y**3 + 14*y**2 - y + 3. Let k = -3 + 5. Suppose 0 = k*g - 8, 6*g + 168 = 2*x + 2*g. Calculate the remainder when x is divided by v(4).
30
Let o = -618 - -631. What is the remainder when 25 is divided by o?
12
Let w = 2 + 1. Let o be (-8 - -16) + w + -2. Suppose -o = -2*n + 1. Calculate the remainder when 14 is divided by n.
4
Let l = -62 - -160. Let s(b) = b**3 - b**2 - 3*b - 4. Let m be s(3). Suppose 4*g = m*g - l. Calculate the remainder when g is divided by 33.
32
Suppose -o = -2 - 0. Suppose 2*g = -3*l + 57, 2*l = 3*g + o*g + 57. What is the remainder when l is divided by 4?
1
Let r = 7 + 5. Let g(i) = i - 9. Let y be g(r). Suppose 4*f = -5*d + 28, -3*f + 24 = y*d - 0*d. What is the remainder when 45 is divided by f?
9
Let a = 39 + 436. What is the remainder when a is divided by 34?
33
Suppose -3 = 2*p + 5. Let f be ((-56)/6 - p)*3. Calculate the remainder when (-4)/(f/4) - -34 is divided by 12.
11
Suppose -4 = -2*q + q. Suppose 4*w + 106 = 7*x - q*x, -2*w + 52 = 2*x. What is the remainder when 119 is divided by x?
29
Let o(f) be the third derivative of f**5/15 + 3*f**4/4 + 5*f**3/6 + 13*f**2. What is the remainder when o(-7) is divided by 19?
18
Suppose 23*n + 4*f = 28*n - 46, -9 = -n + f. Let d(j) = -49*j - 1. What is the remainder when d(-1) is divided by n?
8
Calculate the remainder when 7/84 - 4746/(-72) is divided by 17.
15
Calculate the remainder when 245 is divided by 0 + 28 - (15 + (-48)/4).
20
Let s be 13209/42 - 1/(-2). Let y = s - 219. What is the remainder when y is divided by 14?
12
Let n(u) = -u**2 - 10*u - 21. Let z be n(-7). Let l(c) = -c + 12. What is the remainder when l(z) is divided by 3?
0
Suppose 0 = 13*l - 173 - 243. What is the remainder when 92 is divided by l?
28
Suppose 0 = 4*y + 61 - 69. Suppose 12 = 3*c - 3*l - 39, y*l - 50 = -2*c. Let a(b) = b + 5. What is the remainder when c is divided by a(6)?
10
Let t = 7 - 12. Let b(h) = -h**2 - 4*h + 5. Let n be b(t). What is the remainder when (-102)/12*(-4 - n) is divided by 9?
7
Suppose l + l + 3*q - 12 = 0, 3*l - 32 = -q. Suppose 1984 = 6*f + 322. Let x = 300 - f. Calculate the remainder when x is divided by l.
11
Let x be ((-75)/20)/5*-24. Let a(l) = 20 - l - 5*l + 4*l + l**3 - 18*l**2 + 3*l. What is the remainder when a(x) is divided by 13?
12
Suppose 0 = -5*q + 2*q + 18. Suppose 0 = -9*g + 2*g. Suppose -4*k - k + 20 = g. Calculate the remainder when q is divided by k.
2
Let d(f) = -11 - 13 + 2 - 4*f - 9*f - f**2. What is the remainder when (-544)/(-7) + (-2)/(-7) is divided by d(-6)?
18
Let h = -652 - -334. Let b = -9 - -22. What is the remainder when h/(-9) - (-8)/12 is divided by b?
10
Let z(n) = -n**3 + 5*n**2 + 16*n - 22. What is the remainder when 113 is divided by z(6)?
37
Suppose -25*r = -2*r - 1196. What is the remainder when 256 is divided by r?
48
Suppose -20 = 8*k - 9*k. What is the remainder when 38 is divided by (16/10)/(k/250)?
18
Suppose -2*r - 16 = -2*j - 4, 3*j + 30 = -3*r. Calculate the remainder when (-4)/r*0 - -81 is divided by 17.
13
Suppose -12*p - 21 = -15*p. Let i(z) = -z**3 + 8*z**2 - 7*z + 7. Let l be i(p). Let k = 23 + l. What is the remainder when 117 is divided by k?
27
Let n be (0 + -1)/(2/(-258)). Let f(q) = -4*q